{"id":251,"date":"2017-03-25T20:27:13","date_gmt":"2017-03-25T18:27:13","guid":{"rendered":"http:\/\/assetsteenused.ee\/?page_id=251"},"modified":"2017-06-06T11:44:16","modified_gmt":"2017-06-06T08:44:16","slug":"infomaterjalid","status":"publish","type":"page","link":"https:\/\/www.assetsteenused.ee\/?page_id=251","title":{"rendered":"Infomaterjalid"},"content":{"rendered":"<p><span style=\"color: #000000;\">Raamatupidamine on olnud ja j\u00e4\u00e4b ka edaspidi igasuguse ettev\u00f5tte majandustegevuse juhtimise lahutamatuks koostisosaks.<\/span><\/p>\n<p><span style=\"color: #000000;\">Kuna tihtipeale alles alustavad ettev\u00f5tted ja nende omanikud\/juhid ei ole k\u00f5ikide raamatupidamislike n\u00f5udmiste v\u00f5i algteadmistega kursis, siis lisasime sellesse kodulehe sektsiooni ka raamatupidamisarvestust pikemalt ja laiemalt tutvustavat materjali. Infomaterjalidest leiab vajalikku infot, mis on vajalik igale raamatupidajale ja ettev\u00f5tjale.<\/span><\/p>\n","protected":false},"excerpt":{"rendered":"<p>Raamatupidamine on olnud ja j\u00e4\u00e4b ka edaspidi igasuguse ettev\u00f5tte majandustegevuse juhtimise lahutamatuks koostisosaks. Kuna tihtipeale alles alustavad ettev\u00f5tted ja nende omanikud\/juhid ei ole k\u00f5ikide raamatupidamislike n\u00f5udmiste v\u00f5i algteadmistega kursis, siis &#8230;<\/p>\n","protected":false},"author":1,"featured_media":0,"parent":0,"menu_order":0,"comment_status":"closed","ping_status":"closed","template":"","meta":{"footnotes":""},"class_list":["post-251","page","type-page","status-publish","hentry"],"jetpack_sharing_enabled":true,"_links":{"self":[{"href":"https:\/\/www.assetsteenused.ee\/index.php?rest_route=\/wp\/v2\/pages\/251","targetHints":{"allow":["GET"]}}],"collection":[{"href":"https:\/\/www.assetsteenused.ee\/index.php?rest_route=\/wp\/v2\/pages"}],"about":[{"href":"https:\/\/www.assetsteenused.ee\/index.php?rest_route=\/wp\/v2\/types\/page"}],"author":[{"embeddable":true,"href":"https:\/\/www.assetsteenused.ee\/index.php?rest_route=\/wp\/v2\/users\/1"}],"replies":[{"embeddable":true,"href":"https:\/\/www.assetsteenused.ee\/index.php?rest_route=%2Fwp%2Fv2%2Fcomments&post=251"}],"version-history":[{"count":3,"href":"https:\/\/www.assetsteenused.ee\/index.php?rest_route=\/wp\/v2\/pages\/251\/revisions"}],"predecessor-version":[{"id":359,"href":"https:\/\/www.assetsteenused.ee\/index.php?rest_route=\/wp\/v2\/pages\/251\/revisions\/359"}],"wp:attachment":[{"href":"https:\/\/www.assetsteenused.ee\/index.php?rest_route=%2Fwp%2Fv2%2Fmedia&parent=251"}],"curies":[{"name":"wp","href":"https:\/\/api.w.org\/{rel}","templated":true}]}}