{"id":416,"date":"2020-02-28T11:12:27","date_gmt":"2020-02-28T09:12:27","guid":{"rendered":"http:\/\/assetsteenused.ee\/?page_id=416"},"modified":"2020-02-28T11:17:01","modified_gmt":"2020-02-28T09:17:01","slug":"arhiivikorrastamine","status":"publish","type":"page","link":"https:\/\/www.assetsteenused.ee\/?page_id=416","title":{"rendered":"Arhiivikorrastamine"},"content":{"rendered":"<p><!--StartFragment--><\/p>\n\n\n<p> Dokumentide korrektse arhiveerimise ja s\u00e4ilitamise eelduseks on toimiva dokumendi- ja arhiivihalduse olemasolu.  Enamgi, sageli piisabki toimiva dokumendi- ja arhiivihalduss\u00fcsteemi juurutamisest kogu ettev\u00f5tte v\u00f5i asutuse dokumendiringluse korrastamiseks. Arhiveerimise eesm\u00e4rgiks on tagada dokumentide n\u00f5uetekohane s\u00e4ilimine, kiire ja \u00f5ige informatsiooni leidmine.<\/p>\n\n\n\n<h6 class=\"wp-block-heading\">L\u00fchiajalise s\u00e4ilitust\u00e4htajaga dokumendid<\/h6>\n\n\n\n<p>Arhiveerimise k\u00e4igus eraldatakse l\u00fchiajalise s\u00e4ilitust\u00e4htajaga dokumendid pikaajalise s\u00e4ilitust\u00e4htajaga dokumentidest. Dokumendid s\u00fcstematiseeritakse, korrastatakse s\u00e4ilitamiseks sobivasse \u00fcmbrisesse ning s\u00e4ilikud t\u00e4histatakse. <\/p>\n\n\n\n<h6 class=\"wp-block-heading\">Pikaajalise ja alatise s\u00e4ilitust\u00e4htajaga dokumendid<\/h6>\n\n\n\n<p>Pikaajaliste ja alatise s\u00e4ilitust\u00e4htajaga dokumentide sorteerimine, korrastamine ja t\u00e4histamine. <\/p>\n\n\n\n<p>Teenuse hind kujuneb l\u00e4htuvalt ettev\u00f5tte vajadustest, t\u00f6\u00f6mahust ning vormistatakse hinnapakkumisena.<\/p>\n\n\n<p><!--EndFragment--><\/p>","protected":false},"excerpt":{"rendered":"<p>Dokumentide korrektse arhiveerimise ja s\u00e4ilitamise eelduseks on toimiva dokumendi- ja arhiivihalduse olemasolu. Enamgi, sageli piisabki toimiva dokumendi- ja arhiivihalduss\u00fcsteemi juurutamisest kogu ettev\u00f5tte v\u00f5i asutuse dokumendiringluse korrastamiseks. Arhiveerimise eesm\u00e4rgiks on tagada &#8230;<\/p>\n","protected":false},"author":1,"featured_media":0,"parent":2,"menu_order":5,"comment_status":"closed","ping_status":"closed","template":"","meta":{"footnotes":""},"class_list":["post-416","page","type-page","status-publish","hentry"],"jetpack_sharing_enabled":true,"_links":{"self":[{"href":"https:\/\/www.assetsteenused.ee\/index.php?rest_route=\/wp\/v2\/pages\/416","targetHints":{"allow":["GET"]}}],"collection":[{"href":"https:\/\/www.assetsteenused.ee\/index.php?rest_route=\/wp\/v2\/pages"}],"about":[{"href":"https:\/\/www.assetsteenused.ee\/index.php?rest_route=\/wp\/v2\/types\/page"}],"author":[{"embeddable":true,"href":"https:\/\/www.assetsteenused.ee\/index.php?rest_route=\/wp\/v2\/users\/1"}],"replies":[{"embeddable":true,"href":"https:\/\/www.assetsteenused.ee\/index.php?rest_route=%2Fwp%2Fv2%2Fcomments&post=416"}],"version-history":[{"count":3,"href":"https:\/\/www.assetsteenused.ee\/index.php?rest_route=\/wp\/v2\/pages\/416\/revisions"}],"predecessor-version":[{"id":422,"href":"https:\/\/www.assetsteenused.ee\/index.php?rest_route=\/wp\/v2\/pages\/416\/revisions\/422"}],"up":[{"embeddable":true,"href":"https:\/\/www.assetsteenused.ee\/index.php?rest_route=\/wp\/v2\/pages\/2"}],"wp:attachment":[{"href":"https:\/\/www.assetsteenused.ee\/index.php?rest_route=%2Fwp%2Fv2%2Fmedia&parent=416"}],"curies":[{"name":"wp","href":"https:\/\/api.w.org\/{rel}","templated":true}]}}